 175 = -305, 2*g + d = 3*s. What is the tens digit of s?
5
Let h(y) be the third derivative of 31*y**6/40 - y**4/24 + 5*y**2. Let l be h(-1). What is the tens digit of (3 + -3)/5 - l?
9
Let h = -482 + 474. Let x(m) = -95*m - 46. What is the tens digit of x(h)?
1
Let j(l) = -34*l - 6. Let s be j(-2). Suppose -o + 5*o - 136 = 0. Let z = s - o. What is the tens digit of z?
2
What is the thousands digit of 1040/88 - 12 - 1441300/(-77)?
8
What is the ten thousands digit of ((-884)/(884/(-26)))/(2/1440)?
1
Let l(n) be the third derivative of -9*n**4/8 - 4*n**3/3 - 58*n**2 - 1. What is the units digit of l(-3)?
3
Let p(f) = 16*f**3 + 3*f**2 + f - 4. Let h be p(2). Suppose 2*b + 244 + h = 2*v, -578 = -3*v - 2*b. What is the hundreds digit of v?
1
Let a(n) be the first derivative of 71*n**2 + 39*n - 164. What is the hundreds digit of a(3)?
4
Let u(j) = 16033*j**2 + 21*j + 9. What is the thousands digit of u(-1)?
6
Let x(r) = 10*r**2 + 8*r + 1 - 2*r**3 - 21*r**2 + 17*r**2 + 7*r**2 + 3*r**3. What is the units digit of x(-11)?
5
Let h(d) = 10*d - 7*d - 9*d - 12*d. What is the tens digit of h(-2)?
3
Suppose -3*o + 653*r + 7 = 648*r, 2*r - 18 = -4*o. Let b(q) = q**3 - 6*q**2 + 7*q - 7. Let c be b(5). Suppose -o*p = -c*p - 203. What is the units digit of p?
3
Suppose -631 = -7*x + 1196. Suppose 311 + x = 4*z. What is the units digit of z?
3
Suppose 4583 = 2*y - a + 2*a, -4*y = -3*a - 9171. What is the units digit of (2/(-6))/((-2)/y)?
2
Let c(u) = 15*u - 124. Let q be c(-16). Let d = q - -726. What is the units digit of d?
2
Suppose 58*c = -112029 + 392865. What is the tens digit of c?
4
Suppose -2*l + 141 = -3*f, -5*l - 3*f + 167 = -196. Suppose -348 = -3*q + l. What is the tens digit of q?
4
Suppose 2*w - 4*w - g + 7429 = 0, -14861 = -4*w - 5*g. What is the hundreds digit of w?
7
Let p = -790 - -1110. Let a = p - -84. Let t = a + -159. What is the hundreds digit of t?
2
Suppose -33 = -133*b + 130*b. Suppose b*c - 8410 = c. What is the units digit of c?
1
What is the units digit of (-54)/(-837) + (-7 - 3626616/(-186))?
1
Let q(j) = 11*j + 53. Let k be q(15). Suppose 226 = 6*u - k. Let a = u + -65. What is the units digit of a?
9
What is the units digit of (-64 + 5 + 23)*-263*(-20)/(-3)?
0
Suppose -4*r - r + 4 = 4*n, -2*n = -2. Let z(u) = -3*u - 54. Let y(s) = -8*s - 161. Let o(v) = -4*y(v) + 11*z(v). What is the tens digit of o(r)?
5
Let g be (-4 - 14/2)*43. Let w be g/(-6) + (-3)/(-18). Let x = w + -43. What is the units digit of x?
6
Suppose 8722884 + 32298546 = 81*u + 456*u. What is the thousands digit of u?
6
Let v = -267 + 277. Suppose 3808 = 4*r + v*r. What is the units digit of r?
2
Suppose 2*w - 18 = -4*w. Suppose -w*s - 3*f = 2*s - 30, -s + 3*f + 24 = 0. Suppose -m = 2*t - 10, -2*t = 3*m - s - 1. What is the units digit of t?
5
Suppose 3*y + 3*p = 56391, 9*y - 5*y = -p + 75170. What is the ten thousands digit of y?
1
Suppose 0 = 69*j - 52*j + 41*j - 414874. What is the hundreds digit of j?
1
Suppose -2 = -0*s - s. Let d(k) = k**3 - 7*k**2 + 7*k - 2. Let p be d(6). Suppose -4*g + 160 = 4*l, 0 = -s*l + 4*l - p. What is the tens digit of g?
3
Suppose -19*q + 174685 = 136*q. What is the hundreds digit of q?
1
Suppose 4*k - 1034 = -v, 0*k = -5*k - 3*v + 1289. Let f = k - 178. Let d = f + -68. What is the tens digit of d?
1
Suppose 4*l + 7430 + 409 = -3*r, -r = 2*l + 3919. Let z = 2753 + l. What is the units digit of z?
4
Suppose -39604 = -5*j - 3*d, -5*j + 72*d - 67*d + 39580 = 0. What is the hundreds digit of j?
9
Let h(a) = a**3 + 12*a**2 + 8*a - 19. Let z be h(-11). Suppose 6*m = 4*m - z. What is the tens digit of (-34)/119 + (-597)/m?
8
Suppose -45 + 25 = -4*j, 2*w - 586 = 4*j. What is the hundreds digit of 1 + (-2 - 1) + w?
3
Suppose -2*s + s + 2*i = -17, 0 = 5*i + 5. Let x = s - 20. What is the tens digit of (x/10)/((-2)/340)?
8
Let a(u) = 7*u**2 - 4*u. Let h = 83 + -82. Let g be a(h). Suppose -4*v - g*o + 791 = 0, -4*v - v - 2*o = -987. What is the hundreds digit of v?
1
Let q(b) = -2*b**3 + 10*b**2 + 3*b - 9. Let c be q(5). What is the units digit of ((-39123)/c)/(-9) + (-5)/10?
4
Suppose 5*o + 6662 = x + 1087, o - 11205 = -2*x. Suppose -9*i = -x - 13750. What is the tens digit of i?
5
Let p be (-1)/(8 - 10) - 2/4. Suppose 4*f - 4*l = p, -f - 5*l + 24 = 2*f. What is the tens digit of (f - (-103 + -3))*1?
0
Let l(v) = 34 + 6 + 2 - 9*v + 34. What is the hundreds digit of l(-23)?
2
Suppose -w + 65 = -5*l + 2*w, 0 = -4*l + w - 59. What is the hundreds digit of (-320)/(-2) - (l - -21)?
1
Let j(c) = c**2 - 12*c - 11. Let b be j(13). Suppose -p = -1, -5*k + 37 = b*p - 10. What is the units digit of k?
9
Let y(q) = q**2 + 8*q + 8. Let b be y(-9). Suppose -11*c = -b*c - 486. Let n = 325 + c. What is the tens digit of n?
4
Suppose 0 = 3*r + 2*u - 2 - 5, 0 = -4*r + 4*u - 24. What is the units digit of (r*2 - 64)/(16/(-16))?
6
Let g = 3729 + -1317. What is the thousands digit of g?
2
Let n(i) = 4*i + 37. Let g be n(-8). Suppose -3*o + 0*b = 3*b - 102, 210 = g*o - 3*b. What is the units digit of o?
9
Suppose 6*o - 26*o + 51 = 11. Let q = 16 + -22. What is the units digit of (q/o - -5) + 72?
4
What is the hundreds digit of 139/(-2)*-8*(31 + (-1377)/108)?
1
Let d(g) = 6020*g - 3379. What is the ten thousands digit of d(6)?
3
Suppose -5*j + 5*p - 445 = 0, 4*j - 2*p + 350 = -0. Let u = -145 + j. Let s = -143 - u. What is the tens digit of s?
8
Suppose 4*b + 2*x = 304, -226 = -3*b - 2*x - 0*x. Suppose 5*c - 753 = -3*v, 7*v = 2*v + 5. Let q = c - b. What is the units digit of q?
2
What is the thousands digit of 28890/(-36)*(-3 + (-119)/5)?
1
Suppose 0 = -2*a + a + 1177. Suppose -3*w - w - 144 = -28*w. Suppose 433 = -w*q + a. What is the units digit of q?
4
Let j(u) = -195*u + 17. Let p be j(-2). Let k = 251 - p. Let w = -110 - k. What is the units digit of w?
6
Let c(i) = 3*i**2 - 11*i - 72. Let t be c(9). Suppose 87*s = t*s + 2820. What is the units digit of s?
8
Let y(b) = -b**2 - b - 2. Let i be ((-8)/6)/((-36)/(-54)). Let c be y(i). Let m(g) = g**3 + 6*g**2 + 3*g. What is the tens digit of m(c)?
2
Suppose 73 = 5*q - 37. Suppose -o + 16 = 4*g - 0*o, -4*o + q = 2*g. Suppose -2*i + g*i - 124 = 0. What is the hundreds digit of i?
1
Let m(r) be the second derivative of r**5/20 - 2*r**4/3 + 10*r**3/3 - 8*r**2 + 3*r + 22. What is the tens digit of m(7)?
7
Suppose -2*p + 2*h = 2*p - 10, -3*p - 5 = -4*h. Let r(w) = w**3 - 3*w**2 + 6*w. Let v be r(p). Suppose 0*g + v = 4*g. What is the tens digit of g?
2
Let i be 10/5*1420/(-8). Let u = -168 - i. What is the tens digit of u?
8
What is the tens digit of (-2*1 - 64)*(-8)/((-432)/(-342))?
1
Let d(x) = 7*x + 275. Let r be d(-39). What is the units digit of r/(-2) - 11910/(-10)?
0
Let c(n) = 127*n - 279. What is the thousands digit of c(18)?
2
Suppose -4*a = -a - 6, -a - 3 = -o. Suppose 3*m - 4*m + o = 5*l, 0 = -2*m - 5*l + 5. What is the tens digit of 42 - 4/16*m?
4
Let w(z) = 122*z**2 + 2*z - 7. Suppose 22*g - 9 = 35. What is the units digit of w(g)?
5
Suppose 17*j + 13*j - 614910 = 0. What is the ten thousands digit of j?
2
Let c(s) = 5*s**2 + 17*s - 783. What is the units digit of c(-66)?
5
Let j(a) = -14*a + 37. Let b be j(6). Let c(p) = 4*p**2 + 2*p - 1. Let o be c(4). Let i = o + b. What is the units digit of i?
4
Suppose -5*h - 74 = 3*a, -4*a + 4 = 4*h + 68. Let y = 5 - h. What is the units digit of y/(-45) - (-94)/10?
9
Suppose 0 = 2*k - 2*l, -3*k - 24 = 2*k + l. Let w(y) = 23*y**2 - y - 6. Let z be w(k). Let f = z + -240. What is the tens digit of f?
2
Let n = -315 - -327. Suppose -59 - 8761 = -n*z. What is the units digit of z?
5
Let r = -6535 - -7907. What is the units digit of r?
2
Suppose 92*m - 17765 = 87*m. Suppose -u + 890 = -2*j, 0 = -4*u - 0*j + j + m. What is the tens digit of u?
8
What is the tens digit of 1/(((-2)/88)/(3 + -216))?
7
Let d(k) = 148*k**2 - 25*k + 108. What is the thousands digit of d(9)?
1
Suppose 3*k - 3*d = -6, -14 = k - 0*d - 4*d. Let w be k/6 + (-2014)/(-6). Suppose -2*h - 105 = -g - 0*g, 3*g - w = -h. What is the units digit of g?
1
Let s(n) = -3*n + 4*n**2 - 21 - 8*n + 0*n**2. Let w(l) = -l**3 + 51*l**2 - 17*l + 862. Let v be w(51). What is the tens digit of s(v)?
3
Let o(i) be the first derivative of i**4 - 8*i**3/3 + 11*i**2/2 - 6*i - 85. What is the units digit of o(4)?
6
Su